w/(-4) + (14 - 1). Calculate the greatest common divisor of k and j.
10
Let d = 4274 - 3325. What is the greatest common factor of 26 and d?
13
Suppose 0 = 15*f + 125 - 5. Let h be 1 + f - 6/(-2) - -18. What is the greatest common divisor of h and 882?
14
Let a = -182 + 184. Suppose -4*d - 48 = -4*u, 0 = -a*u - 4*d + 29 + 19. Calculate the greatest common factor of u and 64.
16
Let l be 144/40 - (-4)/10. Suppose l*t = 3*m - 0*m + 134, 5*t - 2*m - 171 = 0. Calculate the greatest common factor of t and 245.
35
Let q(y) = 80*y - 606. Let p be q(26). What is the greatest common factor of 536 and p?
134
Let g = 123 - 131. Let o be (-1)/((-3)/6) - 104. Let q be o/(-9) - g/12. What is the greatest common divisor of 18 and q?
6
Suppose 0 = -5*z - f + 821, -3*f + 8*f - 640 = -4*z. Suppose -5*s - 6 = -7*s, 6*s = -4*d + 78. Calculate the greatest common divisor of d and z.
15
Let q(p) = -4*p**2 + 99*p - 478. Let r be q(7). Suppose 10*d - 8*d - 266 = 0. Suppose 4*m = 5*m - d. Calculate the highest common divisor of r and m.
19
Suppose -2*h = 5*j - 2 - 37, 6 = 3*h. Let r(t) = t**3 + 2*t**2 + 1. Let k be r(-3). Let v = k + 15. Calculate the greatest common divisor of v and j.
7
Let c(a) = 9*a**3 - 17*a + a**2 - 34 - 2*a - 8*a**3 + 7*a**2 + 4*a**2. Let n be c(-8). What is the highest common divisor of 68 and n?
34
Suppose 3*t + 300 = -12*t. Let a(f) = f**3 + 22*f**2 + 26*f - 1. Let n be a(t). Let u = n - 189. What is the highest common factor of 18 and u?
18
Let i(r) = -2670*r - 3528. Let u be i(-2). What is the greatest common factor of 240 and u?
12
Let x be 2/4 - 250/(-4). Let j be (-6)/27 - (-38)/9 - -2. Let t be (j/(-3) - 0) + 11. What is the highest common factor of x and t?
9
Suppose 53*m + 4*m - 6156 = -19*m. What is the highest common divisor of m and 105?
3
Suppose 45*r - 5*x = 48*r - 359, -3*r = -2*x - 394. Let f be 8/(-8) + (-10)/(-2). What is the highest common factor of r and f?
4
Suppose 24 - 216 = -2*r. Suppose 0*t = -12*t - r. Let p be (-4335)/(-136) - 1/t. Calculate the highest common divisor of p and 16.
16
Suppose -32*d + 30*d + 12 = m, 2*m = 2*d. Calculate the greatest common divisor of d and 326.
2
Suppose 0 = -48*y + 1963 + 341. Calculate the highest common divisor of y and 1632.
48
Let b(t) = t**2 + 4*t - 1. Let h be ((-6)/7)/((-4)/(-28)). Let c be b(h). Let m = 44 - 33. What is the highest common divisor of m and c?
11
Let m be (-2)/6 - ((-1037)/3)/17. Suppose 5 + 3 = o. Calculate the greatest common factor of o and m.
4
Let p = -19558 - -19902. Let w = -9 + 17. What is the greatest common divisor of p and w?
8
Let v(o) = -o - 2. Let k be v(-4). Suppose 3*n - 18 = 0, 537*r = 536*r + 5*n - 29. Calculate the greatest common factor of k and r.
1
Let q(f) = f**2 + f + 240. Let h be q(-28). Let l = h + -787. What is the highest common factor of 22 and l?
11
Let c be 16/(63/14 + -4) + 2. Let y = 204 + -136. Calculate the greatest common divisor of y and c.
34
Suppose -5*s = -5, v + s = -3*s - 4. Let m be 1/(-2)*0*2/v. Suppose -t = 5*r + 3, -2*t - 3*r + m = -1. What is the greatest common divisor of t and 18?
2
Let g(w) = -1374*w - 6081. Let m be g(-22). Calculate the highest common factor of m and 9.
9
Let f be (6*8/48)/((-1)/(-17)). Suppose -p = f - 45. Suppose -u + 196 = o, -392 = -0*o - 2*o - 4*u. What is the highest common factor of o and p?
28
Let u(y) = -y**3 + 3*y**2 + 7*y - 5. Suppose 167 = -5*b - 3*o - 66, 0 = 2*o - 8. Let v = b - -53. Let n be u(v). What is the highest common factor of 49 and n?
7
Let i = -116 + 139. Suppose -i = -3*c + 571. What is the greatest common factor of 36 and c?
18
Suppose y + y - 95 = -5*u, y = -u + 55. Let s be (-2 - 6) + (-80 - -91). Suppose s*l - y - 75 = 0. What is the highest common divisor of 5 and l?
5
Suppose -42*j + 153 = -25*j. Let q = -18 + 27. Calculate the highest common factor of q and j.
9
Suppose o + k - 4739 = 1114, 5*o = 2*k + 29307. What is the highest common divisor of o and 868?
217
Let s(h) = -4*h**3 - 3*h**2 - 5*h - 2. Let i be s(-3). Suppose 10*x + 4 = i. What is the highest common factor of x and 117?
9
Let f(c) = 3*c**3 - 46*c**2 + 237*c - 18. Let o be f(7). Calculate the greatest common divisor of o and 12.
4
Suppose 7 = 2*d - 3. Let i be 6/(-24) + ((-730)/(-8))/d. Let k be ((-66)/i)/((-3)/342). Calculate the greatest common factor of k and 38.
38
Let c(i) = 41*i**2 - 4*i - 175. Let v be c(-12). Calculate the greatest common divisor of v and 327.
109
Suppose 4*y + 4*l + 4 = 0, y + 5*l - 7 + 28 = 0. Suppose -y*n = -350 - 10. Calculate the greatest common factor of 10 and n.
10
Suppose -41 = -w + v + 37, 0 = 2*w + 5*v - 128. What is the greatest common divisor of w and 4033?
37
Suppose 3*l = -5*s + 41008, -4*s + 7353 = -4*l - 25447. What is the greatest common factor of s and 139?
139
Let b(j) = 20*j**2 + 71*j + 291. Let v be b(-33). What is the greatest common divisor of 144 and v?
144
Suppose -19*l + 128 = -17*l. Let u = 145 - l. What is the greatest common factor of 3 and u?
3
Suppose -13*p = -16*p - 5*w + 1, -p + 2*w = -4. Suppose p*s - 66 = -2*m, -s - 3*s = -5*m + 201. What is the greatest common factor of m and 185?
37
Let m(f) = -2*f + 22. Let h be m(10). Let k be -1 + 0 + -1 - h. Let b(t) = t**2 - 2*t - 12. Let v be b(k). What is the greatest common factor of v and 16?
4
Suppose 5*n - 185 = -4*l + 245, -l = -2*n + 185. Let r = 145 - n. What is the greatest common factor of 935 and r?
55
Suppose l = -4*n + 6, 0 = -5*l - 4*n + 8*n + 6. Suppose -5*g + 1102 = x, -l*x = 5*g - 515 - 589. Calculate the greatest common factor of g and 20.
20
Let p be (540/(-225))/(-2 - 1224/(-615)). What is the greatest common factor of 48 and p?
6
Suppose 11*s = -4*g + 2770, 7*s + 3*g = 9*s - 526. What is the greatest common divisor of 127 and s?
127
Let k(y) = -2*y**3 - 32*y**2 + 34*y + 64. Let i be k(-22). What is the highest common divisor of i and 28?
28
Suppose 226083 + 168547 = 38*a. Calculate the highest common divisor of 62 and a.
31
Suppose -4*d + 610 - 77 = -m, -2217 = 4*m + d. Let r = m + 883. Suppose 0 = -q - z + 26, 18*q + 2*z = 22*q - 128. What is the highest common divisor of r and q?
30
Let a = 15 + -10. Let n be 1 + 6*(-174)/(-9). Let u = n - 97. What is the greatest common divisor of u and a?
5
Let o(p) = -84*p + 9. Let a be o(-1). Suppose a*w = 98*w - 95. Calculate the greatest common divisor of 76 and w.
19
Suppose -18 = 6*d - 12*d. Suppose d*t = 6*t - 30. Let p be (12 - t)/(2*(-1)/(-38)). What is the highest common divisor of p and 57?
19
Suppose -6*n = -d + 94, -d = 6*n - 4*n - 134. What is the highest common factor of 3906 and d?
62
Let f = -3081 + 5772. Suppose -309 = -25*z + f. Calculate the greatest common factor of z and 540.
60
Suppose 3*w - 26 = -5*q, -q - 3*w + 0 = -22. What is the highest common factor of 563 and q?
1
Suppose -5418 = -107*y + 21*y. Calculate the greatest common factor of 1125 and y.
9
Let m(v) = 13*v + 374. Let u be m(10). What is the greatest common divisor of u and 156?
12
Let u = 3953 + -3722. Calculate the greatest common factor of 343 and u.
7
Let h = -4536 - -5284. Calculate the highest common factor of 44 and h.
44
Suppose 0 = m - 2*d + 3, -m + d = -734 + 735. What is the greatest common divisor of m and 223?
1
Let b(g) = -g**2 + 11*g + 26. Let s be b(14). Let d be -21*(s/154 + (-20)/110). What is the greatest common factor of d and 33?
3
Suppose -1759*q + 1945*q = 33108. Calculate the greatest common factor of q and 4895.
89
Suppose 3*h - 53 = -38. Suppose 79 = h*g - 111. Let c = 47 - g. What is the greatest common divisor of c and 81?
9
Suppose -a = 3*x - 903, 0 = -5*x + 4*a + 1906 - 401. What is the greatest common factor of 14 and x?
7
Let f = 4869 + -3602. Calculate the greatest common factor of 35 and f.
7
Let k = -3808 - -5302. Calculate the greatest common factor of k and 36.
18
Let b(z) be the third derivative of -z**4/6 - 25*z**3/6 - z**2. Let w = -16330 + 16323. Let r be b(w). What is the highest common factor of 3 and r?
3
Let g(x) = 8*x**3 - 52 + 461*x**2 - 417*x**2 - 9*x**3 - 35*x. Let v be g(43). Calculate the greatest common divisor of v and 4.
4
Suppose -87*c + 4381 = 1249. Calculate the highest common divisor of c and 81.
9
Let t be -3 + (58/3)/(10/45). Suppose f = -16*i + 14*i + 30, -4*f = -2*i - 90. What is the hig